ghest common factor of 18 and 81.
9
What is the highest common divisor of 36 and 708?
12
Calculate the highest common factor of 100 and 475.
25
What is the greatest common factor of 3496 and 380?
76
Calculate the greatest common factor of 232 and 32.
8
What is the highest common divisor of 189 and 18144?
189
What is the greatest common divisor of 1712 and 128?
16
What is the highest common divisor of 415 and 166?
83
Calculate the highest common divisor of 7525 and 315.
35
What is the greatest common divisor of 348 and 957?
87
Calculate the highest common divisor of 16 and 12.
4
What is the highest common factor of 598 and 26?
26
What is the highest common factor of 30930 and 60?
30
Calculate the highest common divisor of 8386 and 28.
14
Calculate the greatest common divisor of 99 and 33.
33
What is the highest common factor of 6368 and 224?
32
What is the greatest common divisor of 705 and 846?
141
Calculate the greatest common factor of 32 and 64.
32
What is the highest common divisor of 140 and 2130?
10
What is the greatest common factor of 30 and 165?
15
Calculate the greatest common divisor of 3150 and 30.
30
Calculate the highest common divisor of 150 and 201.
3
Calculate the highest common divisor of 2567 and 153.
17
What is the highest common divisor of 180 and 430?
10
Calculate the highest common factor of 33 and 55.
11
What is the highest common divisor of 40 and 19790?
10
What is the highest common factor of 39 and 286?
13
Calculate the greatest common divisor of 170 and 1462.
34
What is the highest common divisor of 16 and 8?
8
Calculate the greatest common divisor of 2159 and 68.
17
What is the greatest common divisor of 73018 and 22?
22
Calculate the highest common divisor of 975 and 429.
39
What is the highest common divisor of 22 and 869?
11
Calculate the highest common divisor of 13 and 949.
13
Calculate the highest common divisor of 88 and 11341.
11
Calculate the highest common factor of 406 and 98.
14
What is the greatest common divisor of 4060 and 28?
28
Calculate the greatest common factor of 530 and 20.
10
What is the greatest common factor of 2 and 9?
1
What is the highest common divisor of 18 and 738?
18
What is the highest common divisor of 13 and 3497?
13
What is the highest common divisor of 8 and 68?
4
What is the highest common factor of 99117 and 27?
27
What is the highest common factor of 4 and 178?
2
Calculate the greatest common divisor of 224 and 168.
56
What is the highest common factor of 1050 and 1974?
42
What is the highest common factor of 75 and 135?
15
What is the greatest common divisor of 18 and 45?
9
Calculate the greatest common factor of 23385 and 45.
15
What is the highest common divisor of 14 and 28?
14
What is the greatest common factor of 21 and 525?
21
Calculate the greatest common factor of 24 and 392.
8
Calculate the greatest common factor of 52 and 1482.
26
Calculate the highest common divisor of 559 and 52.
13
What is the highest common factor of 195 and 260?
65
Calculate the highest common divisor of 27 and 9.
9
Calculate the greatest common divisor of 754 and 156.
26
Calculate the highest common factor of 2563 and 11.
11
Calculate the highest common factor of 50 and 530.
10
Calculate the greatest common divisor of 20 and 10.
10
What is the greatest common divisor of 62 and 124?
62
What is the highest common divisor of 213 and 12?
3
Calculate the highest common divisor of 92 and 380.
4
Calculate the highest common divisor of 204 and 60.
12
What is the highest common factor of 72 and 774?
18
What is the highest common divisor of 13039 and 1989?
221
What is the greatest common factor of 132 and 3630?
66
What is the highest common divisor of 77 and 35?
7
Calculate the highest common factor of 26 and 4082.
26
Calculate the greatest common factor of 138 and 598.
46
Calculate the highest common divisor of 24707 and 31.
31
What is the greatest common factor of 34845 and 15?
15
What is the greatest common factor of 30 and 615?
15
Calculate the highest common divisor of 385 and 65.
5
What is the greatest common divisor of 793 and 13?
13
What is the greatest common divisor of 1357 and 767?
59
What is the highest common factor of 340 and 80?
20
What is the greatest common factor of 58 and 1769?
29
What is the highest common factor of 513 and 57?
57
What is the highest common factor of 72 and 894?
6
Calculate the highest common divisor of 516 and 4.
4
Calculate the highest common divisor of 369 and 18.
9
Calculate the highest common factor of 14462 and 14.
14
What is the greatest common factor of 497 and 639?
71
What is the highest common factor of 2440 and 40?
40
Calculate the greatest common divisor of 5446 and 42.
14
What is the greatest common divisor of 24228 and 144?
36
What is the highest common divisor of 31 and 5239?
31
Calculate the greatest common divisor of 144 and 216.
72
Calculate the highest common factor of 16 and 4352.
16
Calculate the greatest common divisor of 3405 and 60.
15
Calculate the greatest common factor of 30267 and 114.
57
Calculate the greatest common divisor of 693 and 77.
77
Calculate the greatest common divisor of 56 and 30.
2
What is the highest common factor of 348 and 1972?
116
What is the greatest common factor of 370 and 2035?
185
Calculate the greatest common divisor of 608 and 256.
32
Calculate the highest common factor of 96 and 80.
16
Calculate the highest common divisor of 150 and 2130.
30
Calculate the greatest common divisor of 47 and 1269.
47
Calculate the highest common divisor of 77 and 55.
11
What is the highest common divisor of 10 and 155?
5
What is the greatest common divisor of 332 and 12?
4
What is the highest common factor of 290 and 116?
58
What is the highest common factor of 4384 and 32?
32
What is the greatest common factor of 9 and 11106?
9
Calculate the highest common divisor of 28 and 52556.
28
What is the highest common factor of 192 and 156?
12
Calculate the highest common divisor of 184 and 1702.
46
What is the greatest common factor of 77 and 13453?
11
What is the greatest common divisor of 320 and 20?
20
What is the greatest common factor of 1725 and 225?
75
Calculate the greatest common divisor of 104 and 8.
8
Calculate the greatest common divisor of 4223 and 103.
103
Calculate the greatest common divisor of 5 and 11505.
5
What is the greatest common divisor of 10112 and 896?
128
Calculate the highest common divisor of 1767 and 38.
19
What is the highest common divisor of 1158 and 12?
6
What is the highest common factor of 2225 and 325?
25
What is the greatest common factor of 304 and 38?
38
What is the greatest common divisor of 82 and 2050?
82
What is the greatest common factor of 415 and 20?
5
What is the greatest common factor of 44 and 368?
4
What is the greatest common divisor of 3216 and 96?
48
What is the highest common factor of 1196 and 92?
92
What is the highest common divisor of 54 and 6?
6
Calculate the highest common factor of 12 and 1068.
12
What is the highest common divisor of 90 and 50?
10
What is the highest common factor of 976 and 16?
16
What is the greatest common factor of 6650 and 266?
266
What is the greatest common factor of 1147 and 31?
31
What is the highest common divisor of 16629 and 69?
69
Calculate the highest common factor of 834 and 162.
6
Calculate the greatest common factor of 3 and 249.
3
Calculate the greatest common factor of 207 and 1679.
23
Calculate the highest common divisor of 27 and 207.
9
What is the highest common divisor of 125 and 50?
25
What is the greatest common divisor of 276 and 84?
12
Calculate the highest common divisor of 285 and 228.
57
Calculate the highest common divisor of 5 and 1085.
5
Calculate the greatest common divisor of 391 and 935.
17
What is the greatest common divisor of 790 and 20?
10
Calculate the highest common factor of 5460 and 1260.
420
Calculate the highest common factor of 22 and 16258.
22
Calculate the greatest common factor of 15 and 10785.
15
What is the highest common divisor of 60 and 660?
60
What is the greatest common factor of 996 and 60?
12
What is the highest common factor of 104 and 858?
26
What is the greatest common divisor of 377 and 26?
13
What is the highest common factor of 12 and 792?
12
What is the highest common divisor of 280 and 1